be (-222)/(-42) - 4/14. Suppose -b*n + 26 = -249. Suppose -3*o + 77 = -5*r, -16*o + 9*o + 4*r = -195. Calculate the remainder when n is divided by o.
26
Suppose -o = 2*q - 2, 14 = 4*o + 2*q - 0*q. Let b = -26441 + 26449. What is the remainder when b is divided by o?
0
Let c(a) = -a**3 + 31*a**2 - a + 65. Suppose 0 = -24*t + 34*t - 310. Calculate the remainder when 117 is divided by c(t).
15
Suppose -3*h = 5*r + 443, -3*r - 11*h - 277 = -12*h. What is the remainder when 9/(-7) + 1 - 26143/r is divided by 12?
11
Let x(j) = -j + 18. Let s = -15 - -10. Let k = 130 + -64. Calculate the remainder when k is divided by x(s).
20
Suppose 194*m - 4223 + 5326 - 19339 = 0. What is the remainder when m is divided by 64?
30
Let u = -10271 - -10645. What is the remainder when 1018 is divided by u?
270
Suppose v = -4*z + 120, -2*z + 1486 = 64*v - 48*v. Calculate the remainder when 6159 is divided by v.
87
Let p(u) = 145*u**2 - 6*u + 97. Calculate the remainder when p(11) is divided by 27.
26
Suppose -3912*r + 7 - 71 = -3928*r. What is the remainder when 1593 is divided by r?
1
Suppose -5*r - 3*g = -876 + 234, 3*g + 618 = 5*r. Suppose -5*f + r = -104. Suppose f = 18*s - 16*s. Calculate the remainder when s is divided by 8.
7
Let n = 5660 - 3503. Calculate the remainder when n is divided by 108.
105
Suppose -q - 3*f = 42, q + 5*f - 7 + 57 = 0. Calculate the remainder when 318 is divided by (-1940)/q - 6/9.
62
Suppose -250*r + 4*o = -246*r - 40, -24 = -2*r - 2*o. Suppose -3*p + 4*c + 393 = 0, -2*p + 5*c + 393 = p. Calculate the remainder when p is divided by r.
10
Let s(m) = -m**3 - 11*m**2 + 36*m - 213. Calculate the remainder when 299 is divided by s(-15).
5
Let d = -158 - -891. What is the remainder when d is divided by 15?
13
Suppose -3*a + 37 = -t, 0 = -168*a + 163*a - 3*t + 71. Calculate the remainder when 372 is divided by a.
8
Let u(o) = -o**2 - 16*o + 2. Let d be u(-16). Calculate the remainder when (-3)/d + 372/8 is divided by ((-40)/6)/(14/(-21)).
5
Suppose 0 = 4*g - 84 - 4. What is the remainder when (3/(-6))/((-11)/g)*179 is divided by 36?
35
Let v be (-540)/(-76) - 10/95. Calculate the remainder when 1246 is divided by v*(6 + (-12)/(-14)).
46
Suppose 123 = 5*y + 3*b, 4*b - 20 - 32 = -2*y. Let x(r) = 7*r + 133. Calculate the remainder when x(-6) is divided by y.
19
Suppose 3*l = 2*q + 11 + 27, 5*q = 25. Let b be (l - 19)/(6/(-476)). Suppose b = 3*k + 85. Calculate the remainder when k is divided by 14.
9
Suppose -35 = -3*h - 4*r, 15 = -2*r + 5*r. Let x(w) = 33*w - 15. What is the remainder when x(h) is divided by 44?
18
Suppose 63*b = 4*y + 61*b - 240, 4*b = y - 81. What is the remainder when 446 is divided by y?
47
Let u = 91 - 87. Let o(p) = p + 29. What is the remainder when 459 is divided by o(u)?
30
Let g = 5 - -3. Suppose -24*a - 2001 = -53*a. What is the remainder when a is divided by g?
5
What is the remainder when 59 is divided by ((-4)/(-18) - 113/(-18))/((-89)/(-534))?
20
Suppose -2*i + 4*i = 36. Calculate the remainder when 3/(-2)*(-6 + -10) is divided by i.
6
What is the remainder when 23 - (-8947)/(-391) - (-551306)/34 is divided by 153?
150
Let l be 1/(-2 + 8) + (-285)/(-18). Suppose l*x - 186 = -15*x. What is the remainder when 60 is divided by x?
0
Let t(c) = -2*c**2 + 83*c + 90. Calculate the remainder when t(40) is divided by 109.
101
Let b = 733 - 1193. Calculate the remainder when 224 is divided by (-24)/16*b/15.
40
Calculate the remainder when 1647 is divided by 72/(-180) - (-471)/15.
4
Let n(h) = h**3 + 10*h**2 + 11*h - 35. Let l be 4/(1/3 - 50/60). Let f = -2 + 17. What is the remainder when f is divided by n(l)?
0
Suppose 9*q - 8 = 5*q. Suppose -5*b = -g - 46, -g = -b + q*g - 2. What is the remainder when 17 is divided by b?
7
Let w be (6/(-4))/(4/(-24)). Let k = 1 + w. Suppose 5*z - 17 = -3*t, -z = 590*t - 592*t + 7. What is the remainder when k is divided by t?
2
Suppose -28*c + 30*c = 50. What is the remainder when -62*(8 + (-120)/12) is divided by c?
24
Let b(j) = -6*j**3 + j**2 + 98*j + 303. What is the remainder when b(-3) is divided by 136?
44
Suppose -4*o - 140 + 156 = 0. Suppose o*w = -492 + 836. Calculate the remainder when w is divided by 44.
42
Let b = -8321 - -8454. What is the remainder when 872 is divided by b?
74
Suppose -12*s + 9877 = 29*s + 37. What is the remainder when s is divided by 35?
30
What is the remainder when (416/320 + (-4)/5)*2*89 is divided by 30?
29
Suppose -115 = -2*v - 1. Suppose -4*n + 3*n + v = 0. Let k = n + -7. What is the remainder when k is divided by 27?
23
Suppose -100 = -8*b + 4*b. Let n(c) = -c**3 + 7*c**2 - 6*c + 2. Calculate the remainder when n(5) is divided by (b - 28)/(6/(-16)).
6
Calculate the remainder when ((-20)/6)/(470/(-564)) + 673 is divided by 35.
12
Suppose -194 = 4*h + 3*h - 649. What is the remainder when 239 is divided by h?
44
Let w(q) be the second derivative of 17*q**4/12 - q**3/2 + 3*q**2/2 + 24*q. What is the remainder when w(4) is divided by 53?
51
Let o(s) = -s**3 + 7*s**2 + 3*s - 5. Let a = -583 + 831. Let q = a + -205. Calculate the remainder when q is divided by o(7).
11
Let s(i) = 30*i - 128. Let q be s(28). Suppose 854 + 36 = 5*c + 4*r, 5*r - q = -4*c. Calculate the remainder when c is divided by (6 + 0/2)*6.
34
Suppose -m = -5*m + 312. What is the remainder when m is divided by (-1)/(-16) + 61965/3888?
14
Calculate the remainder when 110 is divided by (11 - 40)*1*(-4 - -3).
23
Let x(h) = h**3 + 29*h**2 + 70*h - 63. Calculate the remainder when x(-23) is divided by 32.
29
Suppose -3*n = -n. Let s = 6145 + -6142. Suppose s*k + 75 - 195 = n. Calculate the remainder when 157 is divided by k.
37
Let r(j) = 81*j + 11132. What is the remainder when r(-129) is divided by 315?
53
Suppose -3*m + 1 = 4. Let o = 6 + m. Let g(b) = -2*b**2 + 27*b + 33. What is the remainder when g(14) is divided by o?
4
Suppose 309*d = 303*d + 570. Calculate the remainder when d is divided by (5/(-10))/1*-28.
11
Suppose -i = -w + 169, 5*w - 836 = 3*i - 7*i. Let s = w - 140. Suppose -4*f + 214 = -3*h, -2*f + 57 = 5*h - 63. What is the remainder when f is divided by s?
27
Let w be (-6)/(-2) + (-248)/(-2) + -5. Let h = -110 + w. Calculate the remainder when 117 is divided by h.
9
Suppose 0 = 5*h + 7414 + 2526. Suppose 0 = 4*m - 3*g - 166 + 11, m - 29 = 4*g. Calculate the remainder when -3 + (2/(-3) - h/12) is divided by m.
39
Calculate the remainder when 134 is divided by 37 + -27 - (-1 + 7).
2
Let v = -34 - -36. Suppose 3*k = v*k - 8. Let h = 31 + k. What is the remainder when 88 is divided by h?
19
Let p(m) = -5*m**3 + 21*m**2 + 207*m - 22. What is the remainder when p(-18) is divided by 89?
87
Let p be (-55 + 52)*2/6. What is the remainder when (-1 - -394)*(p - 5/(-3)) is divided by 39?
28
Let v be (-7)/28 - 1/8*422. Let q = v + 81. Let s = -30 + 83. What is the remainder when s is divided by q?
25
Suppose 0 = -4*f + i + 258, -f - 15*i + 18*i = -48. What is the remainder when f is divided by 51?
15
Suppose 6*s + 4 - 16 = 0. Suppose 0 = -4*k + s*b + 92, 8*b + 69 = 3*k + 3*b. Calculate the remainder when k is divided by 9.
5
Let s = -21169 + 21672. Calculate the remainder when s is divided by 231.
41
Let w(j) = -j**3 + 16*j**2 + 17*j - 156. Let b be w(17). What is the remainder when 2/(-4) + 718/4 is divided by (975/b)/(2 + (-42)/16)?
9
Let k(n) = 6*n - 7. Let t be k(2). Suppose 11*q - 5382 = t*q. Calculate the remainder when q is divided by 9.
6
What is the remainder when ((10/(-3))/(-10))/((-30)/(-20070)) is divided by 38?
33
Let m(t) = 1005*t + 3042. Calculate the remainder when 1559 is divided by m(-3).
20
Suppose 4*v - 37 = -19*g + 18*g, -4*v = -2*g + 62. What is the remainder when 121 is divided by g?
22
Suppose 37930 = 8*q + 10280 - 14726. What is the remainder when q is divided by 100?
97
Let m be 0 + 6 - (-12)/(-4 + 2). Suppose 146 = 2*t - 4*k - m*k, -t + 63 = 3*k. What is the remainder when t is divided by 35?
34
Let b(g) = 7*g**2 + 5*g + 32. Suppose 67*q = 48*q - 57. Calculate the remainder when b(q) is divided by 43.
37
Let f(o) be the first derivative of 7*o**3/3 - 8*o**2 - 13*o + 46. Suppose 3*i = -2*w + 280, 6*i = i + 10. What is the remainder when w is divided by f(4)?
32
Let i = -893 + 920. What is the remainder when 174 is divided by i?
12
Let w = 4759 + -3295. 